{"id":2070,"date":"2025-01-09T10:10:32","date_gmt":"2025-01-09T09:10:32","guid":{"rendered":"https:\/\/www.papapaul.at\/?page_id=2070"},"modified":"2025-01-16T09:02:53","modified_gmt":"2025-01-16T08:02:53","slug":"papapaul","status":"publish","type":"page","link":"https:\/\/www.papapaul.at\/?page_id=2070","title":{"rendered":"papapaul"},"content":{"rendered":"\n<p>das bin ich<\/p>\n\n\n\n<p><strong>Ein Ende kann ein neuer Anfang sein<br><\/strong><br>Ich&nbsp;hatte das einzigartige Privileg die letzten 10 Jahre meine Tochter Sandra<br>in ihrem Leben begleiten zu d\u00fcrfen. Vom kleinen sch\u00fcchternen Girl zu einer<br>selbstbewussten jungen Frau, die heute weis was sie will. Gemeinsam mit meiner lieben<br>Frau haben wir eine wunderbare Zeit gemeinsam verbringen d\u00fcrfen. Dabei war ich&nbsp;<br>immer mit der Filmkamera dabei. Unterst\u00fctzt von Helmut und Gabi haben wir eine<br>ganz ganz intensive Zeit erlebt. Fast schon wie eine Gro\u00dffamilie.<br>Der erste Auftritt vor Publikum, die ersten Meisterschaften, Entt\u00e4uschungen und Erfolge<br>alles ganz&nbsp;eng nebeneinander und unvergesslich. Diese Zeit m\u00f6chte ich nicht missen.<br>H\u00f6hepunkte wie 2009 der erste Platz&nbsp;mit dem&nbsp;Solo THE&nbsp;VOICE&nbsp;WITHIN,&nbsp;der Wettbewerb<br>B14-19 DANCE CHANCE, die Teilnahme&nbsp;beim KIDDY&nbsp;CONTEST 2010, Erfolge mit vielen Gruppen Nummern, die erste Musical Rolle in HARRY&nbsp;POTTER, bis zur DISNEY Produktion ALICE&nbsp;IM&nbsp;WUNDERLAND in&nbsp;der Wiener Stadthalle.<br>Die erfolgreiche&nbsp;Aufnahme in die&nbsp;PERFORMING&nbsp;ACADEMY und im Sommer 2014<br>der Wettbewerb GOT&nbsp;TO&nbsp;DANCE. Alle diese Stationen sind f\u00fcr immer in Bild&nbsp;und Ton festgehalten.<br>Jetzt ist die Zeit gekommen um loszulassen und diese Zeit zusammenzufassen.&nbsp;<br>Um den Kreis zu&nbsp;schlie\u00dfen werde ich nochmals diese Jahre aufarbeiten<br>und auf DVD\/BLURAY &nbsp;neu gestalten.&nbsp;<br>Ein Projekt das sehr&nbsp;Zeitintensiv ist und ich mir keine Vorgabe gegeben habe.<br><br>Dani die gro\u00dfe Schwester war bei vielen Auftritten mit dabei und ist sehr<br>sehr stolz auf ihre&nbsp;Schwester.<br>&nbsp;<br>F\u00fcr mich ist auch die Zeit&nbsp;gekommen mich&nbsp;neu zu Orientieren.<br>Ich habe meine alten Schallplatten hervorgeholt, abgestaubt und wieder<br>die liebe zur Musik gefunden. Und&nbsp;damit will ich&nbsp;euch Unterhalten.<br>DANKE an MONI f\u00fcr alles .<br><br>Deshalb wird die HP erstmals seit&nbsp;2009 ver\u00e4ndert.<br><br>the beat goes on&nbsp;&nbsp;&nbsp;&nbsp;&nbsp;&nbsp;&nbsp;&nbsp;&nbsp; <strong>papapaul<br><\/strong><br>&nbsp;<strong>&nbsp;2015\/04\/21<br><\/strong><br><br><br><br><img decoding=\"async\" alt=\"\" src=\"https:\/\/img.webme.com\/pic\/p\/papapaul\/bild055.jpg\"><br>Vorstellen brauche ich mich nicht viel, denn alle die mich kennen, haben mich lieb.<\/p>\n\n\n\n<p>Die mich nicht lieb haben will ich gar nicht kennen.<\/p>\n\n\n\n<p>&nbsp;&nbsp;Schon als Kind begann ich mich f\u00fcr Musik zu interessieren. In den wilden Jugend Jahren st\u00fcrmte ich w\u00f6chentlich die Plattengesch\u00e4fte um die beste Musik zu besorgen. Das ist auch heute noch so. Ab und zu \u00fcberkommt mich der Drang eine gute CD aufzunehmen. Das kann jederzeit sein. Als Nichtt\u00e4nzer, begann ich mich dank meiner Tochter f\u00fcr Show und Musical Dance zu interessieren. Und begann 2004 sie mit der Video Kamera zu begleiten.<\/p>\n\n\n\n<p>Aus vielen Filmaufnahmen stelle ich dann die H\u00f6hepunkte auf einer DVD zusammen. 2005 gab es die erste DVD mit dem Titel \u201eDie 3 Girls w\u00fcnschen frohe Weihnachten\u201c. Mit 20 Minuten Spiell\u00e4nge, ein erster Versuch ein erfolgreiches Jahr zu dokumentieren.<\/p>\n\n\n\n<p>Im Mozart Jahr 2006 war es nahe liegend wieder einen Jahresr\u00fcckblick zusammenzustellen. Der Titel &#8222;Sandi w\u00fcnscht frohe Weihnachten&#8220;. Immerhin konnte ich die Spielzeit auf 60 Minuten erh\u00f6hen.<\/p>\n\n\n\n<p>&nbsp;Im Jahr 2007&nbsp;durfte ich so viel erleben und filmen, so das gleich eine doppel DVD entstanden ist. Alle H\u00f6hepunkte aus dem Jahr in \u00fcber 100 Minuten Spielzeit zu sehen. Leider alle weg und somit hoher Sammlerwert.<\/p>\n\n\n\n<p>Im Jahr 2008&nbsp;gab es&nbsp;vieles&nbsp;in Bild und Ton festzuhalten.Daher&nbsp;gibt es wieder eine doppel DVD mit \u00fcber 3 Stunden wundervollem Tanzvergn\u00fcgen.&nbsp;<br>2009 entwickelt sich zum bisher erfolgreichsten Jahr in der jungen Tanzkarriere.&nbsp;Erfolge die&nbsp;eine lange Ausbildung, ein ausergew\u00f6hnliches durchhalten und die Freude am tanzen wiedergeben. Der Europameistertitel im Solo, sowie weitere Erfolge machten dieses Jahr so einzigartig.<br><br>papapaul war mit Bild und Ton dabei&nbsp;&nbsp;&nbsp;&nbsp;<br>Erinnerungen&nbsp;gibt es auf der doppel DVD<br><strong>This Time is 4ever 2009<br><\/strong>Ein Kunstwerk das heute schon Kult ist.<br><br>Mit <strong>&#8222;The Road to Fame&#8220;<\/strong> begann f\u00fcr mich ein ganz neuer Abschnitt in der Videobearbeitung.Ich durfte 3 komplette Auff\u00fchrungen filmen. Mein Freund Paparazzi unterst\u00fctzte mich mit einer weiteren Kameraposition. Aus dem ganzen Rohmaterial gelang es mir dann, schnell und exakt geschnitten einen 140 Minuten langen Film herzustellen. Sehr stolz bin ich auch das ich es nicht nur auf doppel DVD, sondern erstmals auch auf Blu-Ray geschafft habe.&nbsp;<br>Ich durfte auch ofiziell die <strong>Kiddy Contest Tour <\/strong>begleiten und filmen. Die Eindr\u00fccke&nbsp;habe ich auf insgesammt 5 DVDs nachbearbeitet und festgehalten.<br>Eine riesen Herausforderung mit einem ebenso tollem Ergebnis.<br>D&nbsp;A N&nbsp;K&nbsp;E<br><\/p>\n\n\n\n<p><br>Nach dem Jahresvideo This Time is 4ever 2010 und der<strong>&nbsp;DVD<\/strong><strong>&nbsp;DANCE YOUR DREAM 2004-2011 <\/strong>mit allen Choreos von Sandi laufen die Vorbereitungen f\u00fcr das Musical <strong>The Shadows Edge<\/strong>.&nbsp;Nach den ersten Versuchen im letzten Jahr durfte ich auch dieses Jahr das Musical filmen und bearbeiten.Schon bei der Abschlussfeier&nbsp;konnte man das Ergebnis sehen. Und alle waren begeistert. weiters durfte ich die Abschlu\u00dfshow <strong>STEP out and DANCE<\/strong> erstmals&nbsp;filmen.<br>Kurz vor Weihnachen war es dann soweit.Erstmalig&nbsp;konnte ich eine&nbsp;Premiere filmen.<\/p>\n\n\n\n<p><strong>xmas glee <\/strong>am 16.12.2011 im Theater&nbsp;Akzent in gewohnter Qualit\u00e4t.<br>Und die letzte Abendvorstellung am 23.12. zum ersten Mal in HD. &nbsp;&nbsp;<\/p>\n\n\n\n<p>&nbsp;Eine riesen Herausforderung, das Vertrauen umzusetzten.<br>Ich m\u00f6chte mich an dieser Stelle ganz herzlich bei paparazzi Montevideo bedanken.<br><strong>D&nbsp;A&nbsp;N&nbsp;K&nbsp;E&nbsp;<\/strong>&nbsp;<br><\/p>\n\n\n\n<p>W\u00fcnsch euch viel Spa\u00df auf meiner Webseite !!!!!!! <\/p>\n","protected":false},"excerpt":{"rendered":"<p>das bin ich Ein Ende kann ein neuer Anfang seinIch&nbsp;hatte das einzigartige Privileg die letzten 10 Jahre meine Tochter Sandrain ihrem Leben begleiten zu d\u00fcrfen. Vom kleinen sch\u00fcchternen Girl zu einerselbstbewussten jungen Frau, die heute weis was sie will. Gemeinsam mit meiner liebenFrau haben wir eine wunderbare Zeit gemeinsam verbringen d\u00fcrfen. Dabei war ich&nbsp;immer mit &hellip; <\/p>\n<p class=\"link-more\"><a href=\"https:\/\/www.papapaul.at\/?page_id=2070\" class=\"more-link\"><span class=\"screen-reader-text\">\u201epapapaul\u201c <\/span>weiterlesen<\/a><\/p>\n","protected":false},"author":1,"featured_media":2057,"parent":0,"menu_order":0,"comment_status":"closed","ping_status":"closed","template":"","meta":{"om_disable_all_campaigns":false,"_uag_custom_page_level_css":"","_monsterinsights_skip_tracking":false,"_monsterinsights_sitenote_active":false,"_monsterinsights_sitenote_note":"","_monsterinsights_sitenote_category":0,"pgc_sgb_lightbox_settings":"","_kadence_starter_templates_imported_post":false,"footnotes":""},"class_list":["post-2070","page","type-page","status-publish","has-post-thumbnail","hentry"],"aioseo_notices":[],"uagb_featured_image_src":{"full":["https:\/\/www.papapaul.at\/wp-content\/uploads\/2025\/01\/IMG_4094.jpg",750,657,false],"thumbnail":["https:\/\/www.papapaul.at\/wp-content\/uploads\/2025\/01\/IMG_4094-150x150.jpg",150,150,true],"medium":["https:\/\/www.papapaul.at\/wp-content\/uploads\/2025\/01\/IMG_4094-300x263.jpg",300,263,true],"medium_large":["https:\/\/www.papapaul.at\/wp-content\/uploads\/2025\/01\/IMG_4094.jpg",525,460,false],"large":["https:\/\/www.papapaul.at\/wp-content\/uploads\/2025\/01\/IMG_4094.jpg",525,460,false],"1536x1536":["https:\/\/www.papapaul.at\/wp-content\/uploads\/2025\/01\/IMG_4094.jpg",750,657,false],"2048x2048":["https:\/\/www.papapaul.at\/wp-content\/uploads\/2025\/01\/IMG_4094.jpg",750,657,false],"twentyseventeen-featured-image":["https:\/\/www.papapaul.at\/wp-content\/uploads\/2025\/01\/IMG_4094.jpg",750,657,false],"twentyseventeen-thumbnail-avatar":["https:\/\/www.papapaul.at\/wp-content\/uploads\/2025\/01\/IMG_4094-100x100.jpg",100,100,true]},"uagb_author_info":{"display_name":"Happy Radio","author_link":"https:\/\/www.papapaul.at\/?author=1"},"uagb_comment_info":0,"uagb_excerpt":"das bin ich Ein Ende kann ein neuer Anfang seinIch&nbsp;hatte das einzigartige Privileg die letzten 10 Jahre meine Tochter Sandrain ihrem Leben begleiten zu d\u00fcrfen. Vom kleinen sch\u00fcchternen Girl zu einerselbstbewussten jungen Frau, die heute weis was sie will. Gemeinsam mit meiner liebenFrau haben wir eine wunderbare Zeit gemeinsam verbringen d\u00fcrfen. Dabei war ich&nbsp;immer mit&hellip;","_links":{"self":[{"href":"https:\/\/www.papapaul.at\/index.php?rest_route=\/wp\/v2\/pages\/2070","targetHints":{"allow":["GET"]}}],"collection":[{"href":"https:\/\/www.papapaul.at\/index.php?rest_route=\/wp\/v2\/pages"}],"about":[{"href":"https:\/\/www.papapaul.at\/index.php?rest_route=\/wp\/v2\/types\/page"}],"author":[{"embeddable":true,"href":"https:\/\/www.papapaul.at\/index.php?rest_route=\/wp\/v2\/users\/1"}],"replies":[{"embeddable":true,"href":"https:\/\/www.papapaul.at\/index.php?rest_route=%2Fwp%2Fv2%2Fcomments&post=2070"}],"version-history":[{"count":3,"href":"https:\/\/www.papapaul.at\/index.php?rest_route=\/wp\/v2\/pages\/2070\/revisions"}],"predecessor-version":[{"id":2092,"href":"https:\/\/www.papapaul.at\/index.php?rest_route=\/wp\/v2\/pages\/2070\/revisions\/2092"}],"wp:featuredmedia":[{"embeddable":true,"href":"https:\/\/www.papapaul.at\/index.php?rest_route=\/wp\/v2\/media\/2057"}],"wp:attachment":[{"href":"https:\/\/www.papapaul.at\/index.php?rest_route=%2Fwp%2Fv2%2Fmedia&parent=2070"}],"curies":[{"name":"wp","href":"https:\/\/api.w.org\/{rel}","templated":true}]}}